008044
In base 15, what is 24 - 5673?
-564e
In base 4, what is -1 - 110013111023?
-110013111030
In base 12, what is -4 + -127539b?
-12753a3
In base 16, what is -df72d2 + 0?
-df72d2
In base 16, what is -161 + 56c4b?
56aea
In base 14, what is 11c3d + -4438?
b805
In base 12, what is 1532 - -19928?
1b25a
In base 6, what is 251 - 105545253?
-105545002
In base 7, what is 5325004245 + 1?
5325004246
In base 5, what is 12 - -24044202?
24044214
In base 5, what is 3321 - -442443?
1001314
In base 15, what is 27b - 14db?
-1260
In base 16, what is a2 - -9514?
95b6
In base 10, what is -15658 + -141?
-15799
In base 7, what is 2 - 614025322?
-614025320
In base 9, what is -3147 + -13688?
-16846
In base 13, what is 6a25 + 31?
6a56
In base 8, what is 151101370 - -1?
151101371
In base 8, what is -10314 + -14630?
-25144
In base 9, what is 114428555 + -3?
114428552
In base 5, what is 2 + -1434333203?
-1434333201
In base 16, what is -6 + 5204863?
520485d
In base 6, what is 13325 + -114015?
-100250
In base 7, what is -320421263 + 10?
-320421253
In base 3, what is -1 - 121121202202010?
-121121202202011
In base 16, what is 5df7 - -7d3?
65ca
In base 10, what is -53906180 + -2?
-53906182
In base 3, what is -220212211210222020 - -12?
-220212211210222001
In base 7, what is -16311 - -20605?
1264
In base 6, what is 31213220 - -1013?
31214233
In base 10, what is -11 + -177667949?
-177667960
In base 4, what is 123332 - -232020132?
232210130
In base 15, what is -b1 + 302e2?
30231
In base 9, what is 100286702 - -3?
100286705
In base 15, what is -57a + -104?
-67e
In base 13, what is -32 + -28965?
-28997
In base 12, what is 20 + 1669585?
16695a5
In base 14, what is -120 + -c2b5?
-c3d5
In base 10, what is -7 + 5954962?
5954955
In base 2, what is 1011010001011000110101111 + 0?
1011010001011000110101111
In base 3, what is 10 - 112221220000010?
-112221220000000
In base 7, what is 51241 + -4264?
43644
In base 3, what is -2001210021100 + -10?
-2001210021110
In base 13, what is 870 + 42463?
43003
In base 9, what is 2705651 - -30?
2705681
In base 15, what is -5 - -1390081d?
13900818
In base 6, what is -150345 + 12051?
-134254
In base 5, what is 31331102 + 12?
31331114
In base 5, what is 141230211 + -1?
141230210
In base 3, what is -12022112 - -101122212?
12100100
In base 2, what is 11 - -101000001010111101010111?
101000001010111101011010
In base 8, what is -3 + 614466712?
614466707
In base 11, what is -5651 + -463?
-6004
In base 14, what is -3a61 + 17acc?
1406b
In base 9, what is 12168 - -10612?
22781
In base 10, what is 479613224 - -3?
479613227
In base 12, what is 122b + -1b62b?
-1a400
In base 15, what is 219412 + 14?
219426
In base 15, what is 33b35 - -1a?
33b50
In base 13, what is -27688a - -230?
-27665a
In base 15, what is 218ec81 - -8?
218ec89
In base 12, what is -59b38ab + -1?
-59b38b0
In base 2, what is -10011100 - -100101011111101?
100101001100001
In base 3, what is -2111020101111 + -101202?
-2111020210020
In base 5, what is -3 - -4030034130?
4030034122
In base 6, what is 23 + 531453?
531520
In base 3, what is 2101 - 20200210122212?
-20200210120111
In base 5, what is 243041 + 2120242?
2413333
In base 13, what is 319295 + 16?
3192ab
In base 8, what is -14645 - 1400?
-16245
In base 7, what is -536265023 - 0?
-536265023
In base 3, what is 222 + -111112011000?
-111112010001
In base 4, what is -103212221 + 121100?
-103031121
In base 11, what is 1 + 5720460?
5720461
In base 13, what is 754 + 2717?
316b
In base 6, what is 150252103 + -10?
150252053
In base 13, what is -118c5 - -7b?
-11847
In base 2, what is 1000110100 + -101011010110010?
-101010001111110
In base 5, what is -1100023 + -2323?
-1102401
In base 13, what is 766 + -362?
404
In base 10, what is 0 - 83128303?
-83128303
In base 3, what is 2211021102021110 - 12?
2211021102021021
In base 7, what is 0 + -54655633?
-54655633
In base 9, what is -246882 + 41?
-246841
In base 10, what is -2 + 120156565?
120156563
In base 14, what is -40b5 + -23?
-40d8
In base 2, what is 1010010101101101001101111 - 1?
1010010101101101001101110
In base 5, what is -234223341 - 4?
-234223400
In base 8, what is -31343455 - 5?
-31343462
In base 15, what is -28cc5e - -6?
-28cc58
In base 8, what is 27607455 + 42?
27607517
In base 10, what is -374 - -7604?
7230
In base 4, what is -113101301 - -1320?
-113033321
In base 13, what is -7907 - -172?
-7765
In base 15, what is 2262b9d - 5?
2262b98
In base 3, what is -12110001122122122 - -12?
-12110001122122110
In base 14, what is -1139 + -3049?
-4184
In base 7, what is 16443100 - 10?
16443060
In base 10, what is 521 - -402039?
402560
In base 12, what is a20283a + 5?
a202843
In base 3, what is -1 + -110022101111222010?
-110022101111222011
In base 7, what is 350043063 - -20?
350043113
In base 8, what is -2122 + -33575?
-35717
In base 8, what is -1 - -46142467?
46142466
In base 6, what is -442 + 15550?
15104
In base 6, what is 0 - 41251153?
-41251153
In base 12, what is 567028 + -4?
567024
In base 15, what is 1ccb52 + 27?
1ccb79
In base 16, what is -d7ac4 + 3?
-d7ac1
In base 16, what is 1 - -c360a?
c360b
In base 15, what is -ac - 39b87?
-39c44
In base 4, what is 2030103321103 + -3?
2030103321100
In base 10, what is -8 + 61882207?
61882199
In base 11, what is -4 + -1497078?
-1497081
In base 2, what is 111100100001010001100110100 - 100?
111100100001010001100110000
In base 13, what is -92762 - a2?
-92834
In base 14, what is 19c + 11201?
1139d
In base 12, what is -887969 + 9?
-887960
In base 13, what is -734 - -1476?
a42
In base 6, what is -520023 + 2005?
-514014
In base 10, what is 84840219 + 4?
84840223
In base 2, what is 11101111100011000001110 - -10?
11101111100011000010000
In base 11, what is -4 - -1513967?
1513963
In base 3, what is -100 + -10002222020011?
-10002222020111
In base 5, what is 22433233103 - 3?
22433233100
In base 16, what is 2 - 1b6960e?
-1b6960c
In base 5, what is -1103310141 - 0?
-1103310141
In base 8, what is -67173142 + 0?
-67173142
In base 5, what is -103020011012 + 2?
-103020011010
In base 13, what is 30 + -7b872?
-7b842
In base 6, what is 32 + 14112045?
14112121
In base 7, what is 40032 + -1502?
35230
In base 3, what is 122010020201112 - 10?
122010020201102
In base 15, what is 249600 - 4?
2495eb
In base 3, what is 22 - -20101022201101?
20101022201200
In base 10, what is -252697 - 2102?
-254799
In base 4, what is 13100332 + 11211?
13112203
In base 11, what is 1 + -708a0248?
-708a0247
In base 4, what is -33030333123 - -2013?
-33030331110
In base 11, what is -666 - 82537?
-830a2
In base 15, what is d - 1b08a2?
-1b0894
In base 7, what is -3535052 - -34?
-3535015
In base 12, what is 129362a + 6?
1293634
In base 6, what is 252 + 24124401?
24125053
In base 6, what is -101 + -1514200?
-1514301
In base 13, what is 7c5bcc + -35?
7c5b97
In base 13, what is 1 + 34b60c?
34b610
In base 15, what is 0 - -85aa15c?
85aa15c
In base 9, what is -6 - 52784210?
-52784216
In base 4, what is 3 - 113112203002?
-113112202333
In base 2, what is -10001110 - -110101100110011100100?
110101100110001010110
In base 7, what is -4001103 + 3?
-4001100
In base 15, what is 9bbc8a2 + -2?
9bbc8a0
In base 14, what is 3a9ac + -744?
3a268
In base 14, what is -2b66 - d3a?
-3aa2
In base 7, what is 0 + -1000113512?
-1000113512
In base 16, what is c84 + 28e56?
29ada
In base 3, what is -1111200221111 - -202?
-1111200220202
In base 4, what is -11300320223 - -101?
-11300320122
In base 2, what is 110101101110101 + -11101110100110?
10111111001111
In base 13, what is -66cc2 - 126?
-67118
In base 15, what is 64 - cd1b?
-cca7
In base 6, what is -151 - -104542403?
104542212
In base 4, what is -3 + 102202012030?
102202012021
In base 8, what is 204015743 + 0?
204015743
In base 15, what is -1da6d65 + 0?
-1da6d65
In base 12, what is -52021b + 69?
-520172
In base 6, what is -21 + 340512203?
340512142
In base 12, what is -5188 - aa?
-5276
In base 3, what is 1112022100 - -21110?
1112120210
In base 16, what is 7 + b4835d0?
b4835d7
In base 3, what is 102211 + -211101012111?
-211100202200
In base 8, what is -13542244 + 1?
-13542243
In base 12, what is 0 + -3384a68?
-3384a68
In base 11, what is 3886 + -311a0?
-28415
In base 5, what is 24123312140021 + -4?
24123312140012
In base 10, what is -17993 - -2251?
-15742
In base 13, what is -bc0114 + 2?
-bc0112
In base 3